{"id":60713,"date":"2023-08-24T15:56:08","date_gmt":"2023-08-24T13:56:08","guid":{"rendered":"https:\/\/www.bett1.de\/infoportal\/?page_id=60713"},"modified":"2023-09-11T16:14:09","modified_gmt":"2023-09-11T14:14:09","slug":"50plus2-gewinnspiel","status":"publish","type":"page","link":"https:\/\/www.bett1.de\/infoportal\/podcast\/50plus2-gewinnspiel","title":{"rendered":"50+2 \u2013 Gewinnspiel"},"content":{"rendered":"\n<figure class=\"wp-block-image size-large\"><img decoding=\"async\" width=\"1024\" height=\"622\" src=\"https:\/\/static.bett1.de\/2023\/03\/bett1_podcast_gewinnspiel_bodyguard_matratze-1024x622.png\" alt=\"\" class=\"wp-image-44016\" srcset=\"https:\/\/static.bett1.de\/2023\/03\/bett1_podcast_gewinnspiel_bodyguard_matratze-1024x622.png 1024w, https:\/\/static.bett1.de\/2023\/03\/bett1_podcast_gewinnspiel_bodyguard_matratze-300x182.png 300w, https:\/\/static.bett1.de\/2023\/03\/bett1_podcast_gewinnspiel_bodyguard_matratze-768x466.png 768w, https:\/\/static.bett1.de\/2023\/03\/bett1_podcast_gewinnspiel_bodyguard_matratze.png 1260w\" sizes=\"(max-width: 1024px) 100vw, 1024px\" \/><\/figure>\n\n\n\n<h2 class=\"wp-block-heading\" id=\"h-mitmachen-und-gewinnen\">Mitmachen und gewinnen!<\/h2>\n\n\n\n<p>Hier seid ihr richtig, wenn ihr eine von drei <a href=\"https:\/\/www.bett1.de\/produkte\/bodyguard-matratze\">BODYGUARD\u00ae Matratzen<\/a> in eurer Wunschgr\u00f6\u00dfe gewinnen wollt. F\u00fcllt einfach das Gewinnspielformular auf dieser Seite aus und schon seid ihr im Lostopf! Die Teilnahme ist ab 18 Jahren m\u00f6glich.<\/p>\n\n\n\n<p>\n<div class=\"wpcf7 no-js\" id=\"wpcf7-f60871-o1\" lang=\"de-DE\" dir=\"ltr\" data-wpcf7-id=\"60871\">\n<div class=\"screen-reader-response\"><p role=\"status\" aria-live=\"polite\" aria-atomic=\"true\"><\/p> <ul><\/ul><\/div>\n<form action=\"\/infoportal\/wp-json\/wp\/v2\/pages\/60713#wpcf7-f60871-o1\" method=\"post\" class=\"wpcf7-form init\" aria-label=\"Contact form\" novalidate=\"novalidate\" data-status=\"init\">\n<fieldset class=\"hidden-fields-container\"><input type=\"hidden\" name=\"_wpcf7\" value=\"60871\" \/><input type=\"hidden\" name=\"_wpcf7_version\" value=\"6.1.4\" \/><input type=\"hidden\" name=\"_wpcf7_locale\" value=\"de_DE\" \/><input type=\"hidden\" name=\"_wpcf7_unit_tag\" value=\"wpcf7-f60871-o1\" \/><input type=\"hidden\" name=\"_wpcf7_container_post\" value=\"0\" \/><input type=\"hidden\" name=\"_wpcf7_posted_data_hash\" value=\"\" \/>\n<\/fieldset>\n<p>Gr\u00f6\u00dfe Matratze*<br \/>\nBreite <span class=\"wpcf7-form-control-wrap\" data-name=\"menu-227\"><select class=\"wpcf7-form-control wpcf7-select wpcf7-validates-as-required\" aria-required=\"true\" aria-invalid=\"false\" name=\"menu-227\"><option value=\"\">&#8212;Please choose an option&#8212;<\/option><option value=\"80\">80<\/option><option value=\"90\">90<\/option><option value=\"100\">100<\/option><option value=\"120\">120<\/option><option value=\"140\">140<\/option><option value=\"160\">160<\/option><option value=\"180\">180<\/option><option value=\"200\">200<\/option><\/select><\/span><br \/>\nL\u00e4nge <span class=\"wpcf7-form-control-wrap\" data-name=\"menu-228\"><select class=\"wpcf7-form-control wpcf7-select wpcf7-validates-as-required\" aria-required=\"true\" aria-invalid=\"false\" name=\"menu-228\"><option value=\"\">&#8212;Please choose an option&#8212;<\/option><option value=\"200\">200<\/option><option value=\"220\">220<\/option><\/select><\/span>\n<\/p>\n<p><label> E-Mail-Adresse* <span class=\"wpcf7-form-control-wrap\" data-name=\"your-email\"><input size=\"40\" maxlength=\"400\" class=\"wpcf7-form-control wpcf7-email wpcf7-validates-as-required wpcf7-text wpcf7-validates-as-email\" aria-required=\"true\" aria-invalid=\"false\" placeholder=\"maxi@muster.de\" value=\"\" type=\"email\" name=\"your-email\" \/><\/span> <\/label>\n<\/p>\n<p><span class=\"wpcf7-form-control-wrap\" data-name=\"acceptance-476\"><span class=\"wpcf7-form-control wpcf7-acceptance\"><span class=\"wpcf7-list-item\"><label><input type=\"checkbox\" name=\"acceptance-476\" value=\"1\" aria-invalid=\"false\" \/><span class=\"wpcf7-list-item-label\">Ich m\u00f6chte am Gewinnspiel teilnehmen und habe die <a href=\"https:\/\/www.bett1.de\/infoportal\/teilnahmebedingungen\/gewinnspiel-50plus2\" target=\"_blank\">Teilnahmebedingungen<\/a> gelesen. Ich erlaube bett1.de, mich im Falle eines Gewinns zu kontaktieren, um die f\u00fcr den Versand des Gewinns n\u00f6tigen Daten abzufragen.*<\/span><\/label><\/span><\/span><\/span>\n<\/p>\n<p><span class=\"wpcf7-form-control-wrap\" data-name=\"newsletter_checkbox\"><span class=\"wpcf7-form-control wpcf7-acceptance optional\"><span class=\"wpcf7-list-item\"><label><input type=\"checkbox\" name=\"newsletter_checkbox\" value=\"1\" aria-invalid=\"false\" \/><span class=\"wpcf7-list-item-label\">Ich m\u00f6chte den bett1.de Newsletter abonnieren<\/span><\/label><\/span><\/span><\/span><br \/>\n<span id=\"wpcf7-69d124a182a7a-wrapper\" class=\"wpcf7-form-control-wrap honeypot-1381-wrap\" style=\"display:none !important; visibility:hidden !important;\"><label for=\"wpcf7-69d124a182a7a-field\" class=\"hp-message\">Bitte lasse dieses Feld leer<\/label><input id=\"wpcf7-69d124a182a7a-field\"  placeholder=\"bett1_honey\"  class=\"wpcf7-form-control wpcf7-text\" type=\"text\" name=\"honeypot-1381\" value=\"\" size=\"40\" tabindex=\"-1\" autocomplete=\"new-password\" \/><\/span>\n<\/p>\n<div style=\"width: 40%;\">\n\t<p><input class=\"wpcf7-form-control wpcf7-submit has-spinner\" type=\"submit\" value=\"Senden\" \/>\n\t<\/p>\n<\/div><div class=\"wpcf7-response-output\" aria-hidden=\"true\"><\/div>\n<\/form>\n<\/div>\n<\/div>\n\n\n\n<p>* Pflichtangabe<\/p>\n","protected":false},"excerpt":{"rendered":"<p>Mitmachen und gewinnen! Hier seid ihr richtig, wenn ihr eine von drei BODYGUARD\u00ae Matratzen in eurer Wunschgr\u00f6\u00dfe gewinnen wollt. F\u00fcllt einfach das Gewinnspielformular auf dieser Seite aus und schon seid ihr im Lostopf! Die Teilnahme ist ab 18 Jahren m\u00f6glich. * Pflichtangabe<\/p>\n","protected":false},"author":53,"featured_media":0,"parent":41960,"menu_order":0,"comment_status":"closed","ping_status":"closed","template":"","meta":{"_acf_changed":false,"footnotes":""},"class_list":["post-60713","page","type-page","status-publish","hentry"],"acf":[],"yoast_head":"<!-- This site is optimized with the Yoast SEO Premium plugin v26.8 (Yoast SEO v26.9-RC2) - https:\/\/yoast.com\/product\/yoast-seo-premium-wordpress\/ -->\n<title>50+2 \u2013 Gewinnspiel<\/title>\n<meta name=\"description\" content=\"Hier seid ihr richtig, wenn ihr eine von drei BODYGUARD\u00ae Matratzen gewinnen wollt. Jetzt mitmachen und gewinnen!\" \/>\n<meta name=\"robots\" content=\"noindex, nofollow\" \/>\n<meta property=\"og:locale\" content=\"de_DE\" \/>\n<meta property=\"og:type\" content=\"article\" \/>\n<meta property=\"og:title\" content=\"50+2 \u2013 Gewinnspiel\" \/>\n<meta property=\"og:description\" content=\"Hier seid ihr richtig, wenn ihr eine von drei BODYGUARD\u00ae Matratzen gewinnen wollt. Jetzt mitmachen und gewinnen!\" \/>\n<meta property=\"og:url\" content=\"https:\/\/www.bett1.de\/infoportal\/podcast\/50plus2-gewinnspiel\" \/>\n<meta property=\"og:site_name\" content=\"Wir sind Matratze\" \/>\n<meta property=\"article:publisher\" content=\"https:\/\/www.facebook.com\/bett1.de\" \/>\n<meta property=\"article:modified_time\" content=\"2023-09-11T14:14:09+00:00\" \/>\n<meta property=\"og:image\" content=\"https:\/\/static.bett1.de\/2023\/03\/bett1_podcast_gewinnspiel_bodyguard_matratze-1024x622.png\" \/>\n<script type=\"application\/ld+json\" class=\"yoast-schema-graph\">{\"@context\":\"https:\/\/schema.org\",\"@graph\":[{\"@type\":\"WebPage\",\"@id\":\"https:\/\/www.bett1.de\/infoportal\/podcast\/50plus2-gewinnspiel\",\"url\":\"https:\/\/www.bett1.de\/infoportal\/podcast\/50plus2-gewinnspiel\",\"name\":\"50+2 \u2013 Gewinnspiel\",\"isPartOf\":{\"@id\":\"https:\/\/www.bett1.de\/infoportal\/#website\"},\"primaryImageOfPage\":{\"@id\":\"https:\/\/www.bett1.de\/infoportal\/podcast\/50plus2-gewinnspiel#primaryimage\"},\"image\":{\"@id\":\"https:\/\/www.bett1.de\/infoportal\/podcast\/50plus2-gewinnspiel#primaryimage\"},\"thumbnailUrl\":\"https:\/\/static.bett1.de\/2023\/03\/bett1_podcast_gewinnspiel_bodyguard_matratze-1024x622.png\",\"datePublished\":\"2023-08-24T13:56:08+00:00\",\"dateModified\":\"2023-09-11T14:14:09+00:00\",\"description\":\"Hier seid ihr richtig, wenn ihr eine von drei BODYGUARD\u00ae Matratzen gewinnen wollt. Jetzt mitmachen und gewinnen!\",\"breadcrumb\":{\"@id\":\"https:\/\/www.bett1.de\/infoportal\/podcast\/50plus2-gewinnspiel#breadcrumb\"},\"inLanguage\":\"de-DE\",\"potentialAction\":[{\"@type\":\"ReadAction\",\"target\":[\"https:\/\/www.bett1.de\/infoportal\/podcast\/50plus2-gewinnspiel\"]}]},{\"@type\":\"ImageObject\",\"inLanguage\":\"de-DE\",\"@id\":\"https:\/\/www.bett1.de\/infoportal\/podcast\/50plus2-gewinnspiel#primaryimage\",\"url\":\"https:\/\/static.bett1.de\/2023\/03\/bett1_podcast_gewinnspiel_bodyguard_matratze-1024x622.png\",\"contentUrl\":\"https:\/\/static.bett1.de\/2023\/03\/bett1_podcast_gewinnspiel_bodyguard_matratze-1024x622.png\"},{\"@type\":\"BreadcrumbList\",\"@id\":\"https:\/\/www.bett1.de\/infoportal\/podcast\/50plus2-gewinnspiel#breadcrumb\",\"itemListElement\":[{\"@type\":\"ListItem\",\"position\":1,\"name\":\"Startseite\",\"item\":\"https:\/\/www.bett1.de\/infoportal\"},{\"@type\":\"ListItem\",\"position\":2,\"name\":\"Podcast\",\"item\":\"https:\/\/www.bett1.de\/infoportal\/podcast\"},{\"@type\":\"ListItem\",\"position\":3,\"name\":\"50+2 \u2013 Gewinnspiel\"}]},{\"@type\":\"WebSite\",\"@id\":\"https:\/\/www.bett1.de\/infoportal\/#website\",\"url\":\"https:\/\/www.bett1.de\/infoportal\/\",\"name\":\"bett1.de\/infoportal\",\"description\":\"Das Infoportal von bett1.de\",\"potentialAction\":[{\"@type\":\"SearchAction\",\"target\":{\"@type\":\"EntryPoint\",\"urlTemplate\":\"https:\/\/www.bett1.de\/infoportal\/?s={search_term_string}\"},\"query-input\":{\"@type\":\"PropertyValueSpecification\",\"valueRequired\":true,\"valueName\":\"search_term_string\"}}],\"inLanguage\":\"de-DE\"}]}<\/script>\n<!-- \/ Yoast SEO Premium plugin. -->","yoast_head_json":{"title":"50+2 \u2013 Gewinnspiel","description":"Hier seid ihr richtig, wenn ihr eine von drei BODYGUARD\u00ae Matratzen gewinnen wollt. Jetzt mitmachen und gewinnen!","robots":{"index":"noindex","follow":"nofollow"},"og_locale":"de_DE","og_type":"article","og_title":"50+2 \u2013 Gewinnspiel","og_description":"Hier seid ihr richtig, wenn ihr eine von drei BODYGUARD\u00ae Matratzen gewinnen wollt. Jetzt mitmachen und gewinnen!","og_url":"https:\/\/www.bett1.de\/infoportal\/podcast\/50plus2-gewinnspiel","og_site_name":"Wir sind Matratze","article_publisher":"https:\/\/www.facebook.com\/bett1.de","article_modified_time":"2023-09-11T14:14:09+00:00","og_image":[{"url":"https:\/\/static.bett1.de\/2023\/03\/bett1_podcast_gewinnspiel_bodyguard_matratze-1024x622.png","type":"","width":"","height":""}],"schema":{"@context":"https:\/\/schema.org","@graph":[{"@type":"WebPage","@id":"https:\/\/www.bett1.de\/infoportal\/podcast\/50plus2-gewinnspiel","url":"https:\/\/www.bett1.de\/infoportal\/podcast\/50plus2-gewinnspiel","name":"50+2 \u2013 Gewinnspiel","isPartOf":{"@id":"https:\/\/www.bett1.de\/infoportal\/#website"},"primaryImageOfPage":{"@id":"https:\/\/www.bett1.de\/infoportal\/podcast\/50plus2-gewinnspiel#primaryimage"},"image":{"@id":"https:\/\/www.bett1.de\/infoportal\/podcast\/50plus2-gewinnspiel#primaryimage"},"thumbnailUrl":"https:\/\/static.bett1.de\/2023\/03\/bett1_podcast_gewinnspiel_bodyguard_matratze-1024x622.png","datePublished":"2023-08-24T13:56:08+00:00","dateModified":"2023-09-11T14:14:09+00:00","description":"Hier seid ihr richtig, wenn ihr eine von drei BODYGUARD\u00ae Matratzen gewinnen wollt. Jetzt mitmachen und gewinnen!","breadcrumb":{"@id":"https:\/\/www.bett1.de\/infoportal\/podcast\/50plus2-gewinnspiel#breadcrumb"},"inLanguage":"de-DE","potentialAction":[{"@type":"ReadAction","target":["https:\/\/www.bett1.de\/infoportal\/podcast\/50plus2-gewinnspiel"]}]},{"@type":"ImageObject","inLanguage":"de-DE","@id":"https:\/\/www.bett1.de\/infoportal\/podcast\/50plus2-gewinnspiel#primaryimage","url":"https:\/\/static.bett1.de\/2023\/03\/bett1_podcast_gewinnspiel_bodyguard_matratze-1024x622.png","contentUrl":"https:\/\/static.bett1.de\/2023\/03\/bett1_podcast_gewinnspiel_bodyguard_matratze-1024x622.png"},{"@type":"BreadcrumbList","@id":"https:\/\/www.bett1.de\/infoportal\/podcast\/50plus2-gewinnspiel#breadcrumb","itemListElement":[{"@type":"ListItem","position":1,"name":"Startseite","item":"https:\/\/www.bett1.de\/infoportal"},{"@type":"ListItem","position":2,"name":"Podcast","item":"https:\/\/www.bett1.de\/infoportal\/podcast"},{"@type":"ListItem","position":3,"name":"50+2 \u2013 Gewinnspiel"}]},{"@type":"WebSite","@id":"https:\/\/www.bett1.de\/infoportal\/#website","url":"https:\/\/www.bett1.de\/infoportal\/","name":"bett1.de\/infoportal","description":"Das Infoportal von bett1.de","potentialAction":[{"@type":"SearchAction","target":{"@type":"EntryPoint","urlTemplate":"https:\/\/www.bett1.de\/infoportal\/?s={search_term_string}"},"query-input":{"@type":"PropertyValueSpecification","valueRequired":true,"valueName":"search_term_string"}}],"inLanguage":"de-DE"}]}},"_links":{"self":[{"href":"https:\/\/www.bett1.de\/infoportal\/wp-json\/wp\/v2\/pages\/60713","targetHints":{"allow":["GET"]}}],"collection":[{"href":"https:\/\/www.bett1.de\/infoportal\/wp-json\/wp\/v2\/pages"}],"about":[{"href":"https:\/\/www.bett1.de\/infoportal\/wp-json\/wp\/v2\/types\/page"}],"author":[{"embeddable":true,"href":"https:\/\/www.bett1.de\/infoportal\/wp-json\/wp\/v2\/users\/53"}],"replies":[{"embeddable":true,"href":"https:\/\/www.bett1.de\/infoportal\/wp-json\/wp\/v2\/comments?post=60713"}],"version-history":[{"count":4,"href":"https:\/\/www.bett1.de\/infoportal\/wp-json\/wp\/v2\/pages\/60713\/revisions"}],"predecessor-version":[{"id":60864,"href":"https:\/\/www.bett1.de\/infoportal\/wp-json\/wp\/v2\/pages\/60713\/revisions\/60864"}],"up":[{"embeddable":true,"href":"https:\/\/www.bett1.de\/infoportal\/wp-json\/wp\/v2\/pages\/41960"}],"wp:attachment":[{"href":"https:\/\/www.bett1.de\/infoportal\/wp-json\/wp\/v2\/media?parent=60713"}],"curies":[{"name":"wp","href":"https:\/\/api.w.org\/{rel}","templated":true}]}}